{"id":44,"date":"2023-03-25T05:18:18","date_gmt":"2023-03-25T02:18:18","guid":{"rendered":"https:\/\/www.gokayaygun.com\/?page_id=44"},"modified":"2024-03-11T05:14:09","modified_gmt":"2024-03-11T02:14:09","slug":"mehmet-aygun","status":"publish","type":"page","link":"https:\/\/www.gokayaygun.com\/?page_id=44","title":{"rendered":"Mehmet Ayg\u00fcn"},"content":{"rendered":"\n<div class=\"wp-block-columns is-layout-flex wp-container-core-columns-is-layout-9d6595d7 wp-block-columns-is-layout-flex\">\n<div class=\"wp-block-column is-layout-flow wp-block-column-is-layout-flow\" style=\"flex-basis:10%\"><\/div>\n\n\n\n<div class=\"wp-block-column is-layout-flow wp-block-column-is-layout-flow\" style=\"flex-basis:80%\"><div class=\"wp-block-image\">\n<figure class=\"aligncenter size-large\"><img decoding=\"async\" src=\"https:\/\/www.gokayaygun.com\/images\/aile\/mhmtayg01.jpg\" alt=\"Mehmet Ayg\u00fcn torunlar\u0131 G\u00f6kay Ayg\u00fcn ve Ahmet Ayg\u00fcn ile.\"\/><figcaption class=\"wp-element-caption\"><strong><em>Mehmet Ayg\u00fcn torunlar\u0131 G\u00f6kay Ayg\u00fcn ve Ahmet Ayg\u00fcn ile.<\/em><\/strong><\/figcaption><\/figure>\n<\/div>\n\n\n<div class=\"wp-block-columns is-layout-flex wp-container-core-columns-is-layout-9d6595d7 wp-block-columns-is-layout-flex\">\n<div class=\"wp-block-column is-layout-flow wp-block-column-is-layout-flow\"><\/div>\n<\/div>\n\n\n\n<h3 class=\"wp-block-heading has-text-align-center has-black-color has-text-color\">MEHMET AYG\u00dcN<\/h3>\n\n\n\n<div class=\"wp-block-columns is-layout-flex wp-container-core-columns-is-layout-9d6595d7 wp-block-columns-is-layout-flex\">\n<div class=\"wp-block-column is-layout-flow wp-block-column-is-layout-flow\"><\/div>\n<\/div>\n\n\n\n<p class=\"has-black-color has-text-color has-medium-font-size\">Dikka\u015fo\u011fullar\u0131 s\u00fclalesinden \u00d6mer (A\u011fabey) ve Durmu\u015fo\u011fullar\u0131 s\u00fclalesinden Hanim\u2019in (Hanife) o\u011flu olan Mehmet Ayg\u00fcn, 14 Mart 1912 Per\u015fembe g\u00fcn\u00fc Unaca K\u00f6y\u00fc\u2019nde do\u011fdu. K\u00fc\u00e7\u00fck ya\u015fta yetim kalan Mehmet Ayg\u00fcn\u2019e annesi hem annelik hem babal\u0131k etti. Birka\u00e7 kez evlenen Mehmet Ayg\u00fcn\u2019\u00fcn iki e\u015finden biri olan Yenicehisar K\u00f6y\u00fc\u2019nden Ay\u015fe (1904-1973) han\u0131mla evlili\u011finden Durmu\u015f ve Ali (A\u011fabey), teyzesinin k\u0131z\u0131 Emine (1912-1989) han\u0131mla evlili\u011finden ise Kadun, Mustafa ve Muzaffer isimli be\u015f \u00e7ocu\u011fu oldu.<\/p>\n\n\n\n<p class=\"has-black-color has-text-color has-medium-font-size\">Son s\u00f6ylenecek s\u00f6z\u00fc ilk ba\u015fta s\u00f6yleyen, otoriter bir yap\u0131ya sahip olan Mehmet Ayg\u00fcn, yaln\u0131zl\u0131\u011f\u0131 sever, k\u0131\u015f aylar\u0131nda yaylada kar alt\u0131ndaki evinde ya\u015fard\u0131. 21 Ekim 1993 Per\u015fembe g\u00fcn\u00fc K\u00fc\u00e7\u00fckgeri\u015f K\u00f6y\u00fc\u2019nde Dar\u00fcl Beka\u2019ya g\u00f6\u00e7 eyleyen Mehmet Ayg\u00fcn, ayn\u0131 k\u00f6y Tekkiraz mevkiindeki aile mezarl\u0131\u011f\u0131nda medfundur.<\/p>\n\n\n\n<p class=\"has-black-color has-text-color has-medium-font-size\"><strong>Mehmet Ayg\u00fcn\u2019\u00fcn babas\u0131:<\/strong> \u00d6mer (A\u011fabey) Kutlu (1888-1917) [e\u015fleri: Sultan Kutlu (1887-1966), Hanim (Hanife) Ayg\u00fcn (1890-1972)].<\/p>\n\n\n\n<p class=\"has-black-color has-text-color has-medium-font-size\"><strong>Mehmet Ayg\u00fcn\u2019\u00fcn annesi:<\/strong> Hanim (Hanife) Ayg\u00fcn (1890-1972).<\/p>\n\n\n\n<p class=\"has-black-color has-text-color has-medium-font-size\"><strong>Mehmet Ayg\u00fcn\u2019\u00fcn baba taraf\u0131ndan dedesi:<\/strong> Mustafa (1853-1929) (e\u015fi: G\u00fclizar).<\/p>\n\n\n\n<p class=\"has-black-color has-text-color has-medium-font-size\"><strong>Mehmet Ayg\u00fcn\u2019\u00fcn babaannesi:<\/strong> G\u00fclizar (1864-1946) [\u00d6mer ve Emine k\u0131z\u0131].<\/p>\n\n\n\n<p class=\"has-black-color has-text-color has-medium-font-size\"><strong>Mehmet Ayg\u00fcn\u2019\u00fcn anne taraf\u0131ndan dedesi:<\/strong> Hac\u0131 Salih o\u011flu Mehmet \u00c7avu\u015f (Durmu\u015fo\u011fullar\u0131 s\u00fclalesinden, Hanim Ayg\u00fcn\u2019\u00fcn babas\u0131).<\/p>\n\n\n\n<p class=\"has-black-color has-text-color has-medium-font-size\"><strong>Mehmet Ayg\u00fcn\u2019\u00fcn anneannesi:<\/strong> Dudu (Hanim Ayg\u00fcn\u2019\u00fcn annesi).<\/p>\n\n\n\n<p class=\"has-black-color has-text-color has-medium-font-size\"><strong>Mehmet Ayg\u00fcn\u2019\u00fcn amcalar\u0131:<\/strong> Ahmet Kutlu (1891-????) [Mustafa ve G\u00fclizar o\u011flu], Kamil Kutlu (1893-1948) [Mustafa ve G\u00fclizar o\u011flu].<\/p>\n\n\n\n<p class=\"has-black-color has-text-color has-medium-font-size\"><strong>Mehmet Ayg\u00fcn\u2019\u00fcn halalar\u0131:<\/strong> Fatma (1896-????) [Mustafa ve G\u00fclizar k\u0131z\u0131], Emine (1909-????) [Mustafa ve G\u00fclizar k\u0131z\u0131].<\/p>\n\n\n\n<p class=\"has-black-color has-text-color has-medium-font-size\"><strong>Mehmet Ayg\u00fcn\u2019\u00fcn teyzeleri:<\/strong> Zeynep Torlak (T\u0131ylako\u011fullar\u0131 s\u00fclalesinden Mustafa Torlak e\u015fi, -G\u00fcl- Ali Torlak\u2019\u0131n annesi), Yeter Yayla (e\u015fi Emine Ayg\u00fcn\u2019\u00fcn annesi), Emine \u00d6z (Giresun Dereli Tepek\u00fcknar K\u00f6y\u00fc\u2019ne gelin gitmi\u015f, Abdullah \u00d6z, Mehmet \u00d6z, Ay\u015fe, Rahime, Asiye ve Fatma\u2019n\u0131n anneleri).<\/p>\n\n\n\n<p class=\"has-black-color has-text-color has-medium-font-size\"><strong>Mehmet Ayg\u00fcn\u2019\u00fcn baba taraf\u0131ndan b\u00fcy\u00fck dedesi:<\/strong> Dikka\u015fo\u011flu \u00d6mer (Mustafa\u2019n\u0131n babas\u0131).<\/p>\n\n\n\n<p class=\"has-black-color has-text-color has-medium-font-size\"><strong>Mehmet Ayg\u00fcn\u2019\u00fcn baba taraf\u0131ndan b\u00fcy\u00fck ninesi:<\/strong> Fatma (Mustafa\u2019n\u0131n annesi).<\/p>\n\n\n\n<p class=\"has-black-color has-text-color has-medium-font-size\"><strong>Mehmet Ayg\u00fcn\u2019\u00fcn karde\u015fleri:<\/strong> Durmu\u015f (Ko\u00e7bey) Kutlu (1907-1986) [annesi: G\u00fclizar], Ali Ayg\u00fcn (1913-1915), Ahmet (A\u015f\u0131k) Ayg\u00fcn (1916-1978), S\u00fcleyman (Garip) Ayg\u00fcn (1926-2000) [babas\u0131: Bereketo\u011flu \u0130brahim], Dudu Sar\u0131kaya (????-????) [babas\u0131: Bereketo\u011flu \u0130brahim].<\/p>\n\n\n\n<p class=\"has-black-color has-text-color has-medium-font-size\"><strong>Mehmet Ayg\u00fcn\u2019\u00fcn \u00e7ocuklar\u0131:<\/strong> Durmu\u015f Ayg\u00fcn (annesi: Ay\u015fe), Kadun Aydo\u011fdu (annesi: Emine), Ali (A\u011fabey) Ayg\u00fcn (annesi: Ay\u015fe), Mustafa Ayg\u00fcn (annesi: Emine), Muzaffer Ayg\u00fcn (annesi: Emine).<\/p>\n\n\n\n<p class=\"has-black-color has-text-color has-medium-font-size\"><strong>Mehmet Ayg\u00fcn\u2019\u00fcn torunlar\u0131:<\/strong> \u00c7e\u015fminaz Orhan, Fatma (Fadime) Karahan, Nazl\u0131 (G\u00fclboy) \u015eahin, Meryem \u00c7ak\u0131r, \u0130nci Yaylam\u0131\u015f, Leman T\u00fcrkol, Haydar Aydo\u011fdu, Ali Ayg\u00fcn, Cengiz Ayg\u00fcn, Ahmet Ayg\u00fcn, Orhan Aydo\u011fdu, G\u00f6kay Ayg\u00fcn, Zafer Ayg\u00fcn, Aysel Ayg\u00fcn, Fadime Aydo\u011fdu, T\u00fclay Ayg\u00fcn, Birsel Ayg\u00fcn, G\u00f6ksel Ayg\u00fcn, Nezahat Gen\u00e7, Muhammet Ali Ayg\u00fcn, \u0130sa Ayg\u00fcn.<\/p>\n\n\n\n<p class=\"has-black-color has-text-color has-medium-font-size\">Her zaman hasret ve rahmetle and\u0131\u011f\u0131m\u0131z sevgili dedem Mehmet Ayg\u00fcn\u2019\u00fcn ruhu \u015fad, mekan\u0131 cennet olsun, Allah gani gani rahmet eylesin.<\/p>\n\n\n\n<div class=\"wp-block-columns is-layout-flex wp-container-core-columns-is-layout-9d6595d7 wp-block-columns-is-layout-flex\">\n<div class=\"wp-block-column is-layout-flow wp-block-column-is-layout-flow\"><\/div>\n<\/div>\n\n\n<div class=\"wp-block-image\">\n<figure class=\"aligncenter size-large\"><img decoding=\"async\" src=\"https:\/\/www.gokayaygun.com\/images\/aile\/mhmtayg02.jpg\" alt=\"Mehmet Ayg\u00fcn\u2019\u00fcn Giresun Ke\u015fap K\u00fc\u00e7\u00fckgeri\u015f K\u00f6y\u00fc Tekkiraz mevkii aile mezarl\u0131\u011f\u0131ndaki kabri.\"\/><figcaption class=\"wp-element-caption\"><strong><em>Mehmet Ayg\u00fcn\u2019\u00fcn Giresun Ke\u015fap K\u00fc\u00e7\u00fckgeri\u015f K\u00f6y\u00fc Tekkiraz mevkii aile mezarl\u0131\u011f\u0131ndaki kabri.<\/em><\/strong><\/figcaption><\/figure>\n<\/div>\n\n\n<div class=\"wp-block-columns is-layout-flex wp-container-core-columns-is-layout-9d6595d7 wp-block-columns-is-layout-flex\">\n<div class=\"wp-block-column is-layout-flow wp-block-column-is-layout-flow\"><\/div>\n<\/div>\n\n\n\n<h5 class=\"wp-block-heading has-text-align-center has-black-color has-text-color\">KABE \u0130MAMINDAN YAS\u0130N-\u0130 \u015eER\u0130F<\/h5>\n\n\n\n<div class=\"wp-block-columns is-layout-flex wp-container-core-columns-is-layout-9d6595d7 wp-block-columns-is-layout-flex\">\n<div class=\"wp-block-column is-layout-flow wp-block-column-is-layout-flow\"><\/div>\n<\/div>\n\n\n\n<div class=\"wp-block-columns is-layout-flex wp-container-core-columns-is-layout-9d6595d7 wp-block-columns-is-layout-flex\">\n<div class=\"wp-block-column is-layout-flow wp-block-column-is-layout-flow\" style=\"flex-basis:30%\"><\/div>\n\n\n\n<div class=\"wp-block-column is-layout-flow wp-block-column-is-layout-flow\" style=\"flex-basis:30%\">\n<figure class=\"wp-block-audio aligncenter\"><audio controls src=\"https:\/\/www.gokayaygun.com\/images\/aile\/yasin.mp3\"><\/audio><\/figure>\n<\/div>\n\n\n\n<div class=\"wp-block-column is-layout-flow wp-block-column-is-layout-flow\" style=\"flex-basis:40%\"><\/div>\n<\/div>\n\n\n\n<div class=\"wp-block-columns is-layout-flex wp-container-core-columns-is-layout-9d6595d7 wp-block-columns-is-layout-flex\">\n<div class=\"wp-block-column is-layout-flow wp-block-column-is-layout-flow\"><\/div>\n<\/div>\n\n\n\n<h5 class=\"wp-block-heading has-text-align-center has-black-color has-text-color\">HOCAEFEND\u0130DEN H\u00dcVALLAH\u00dcLLEZ\u0130 AYET\u0130 VE DUA<\/h5>\n\n\n\n<div class=\"wp-block-columns is-layout-flex wp-container-core-columns-is-layout-9d6595d7 wp-block-columns-is-layout-flex\">\n<div class=\"wp-block-column is-layout-flow wp-block-column-is-layout-flow\"><\/div>\n<\/div>\n\n\n\n<div class=\"wp-block-columns is-layout-flex wp-container-core-columns-is-layout-9d6595d7 wp-block-columns-is-layout-flex\">\n<div class=\"wp-block-column is-layout-flow wp-block-column-is-layout-flow\" style=\"flex-basis:30%\"><\/div>\n\n\n\n<div class=\"wp-block-column is-layout-flow wp-block-column-is-layout-flow\" style=\"flex-basis:30%\">\n<figure class=\"wp-block-audio aligncenter\"><audio controls src=\"https:\/\/www.gokayaygun.com\/images\/aile\/dua.mp3\"><\/audio><\/figure>\n<\/div>\n\n\n\n<div class=\"wp-block-column is-layout-flow wp-block-column-is-layout-flow\" style=\"flex-basis:40%\"><\/div>\n<\/div>\n\n\n\n<div class=\"wp-block-columns is-layout-flex wp-container-core-columns-is-layout-9d6595d7 wp-block-columns-is-layout-flex\">\n<div class=\"wp-block-column is-layout-flow wp-block-column-is-layout-flow\"><\/div>\n<\/div>\n\n\n<div class=\"wp-block-image\">\n<figure class=\"aligncenter size-large\"><img decoding=\"async\" src=\"https:\/\/www.gokayaygun.com\/images\/aile\/mhmtayg03.jpg\" alt=\"Mehmet Ayg\u00fcn, aile bireyleriyle birlikte (Muzaffer Ayg\u00fcn, merhume Sultan Ayg\u00fcn, merhume Kerime, merhume Leyla Ayg\u00fcn).\"\/><figcaption class=\"wp-element-caption\"><strong><em>Mehmet Ayg\u00fcn, aile bireyleriyle birlikte (Muzaffer Ayg\u00fcn, merhume Sultan Ayg\u00fcn, merhume Kerime, merhume Leyla Ayg\u00fcn).<\/em><\/strong><\/figcaption><\/figure>\n<\/div>\n\n\n<div class=\"wp-block-columns is-layout-flex wp-container-core-columns-is-layout-9d6595d7 wp-block-columns-is-layout-flex\">\n<div class=\"wp-block-column is-layout-flow wp-block-column-is-layout-flow\"><\/div>\n<\/div>\n\n\n<div class=\"wp-block-image\">\n<figure class=\"aligncenter size-large\"><img decoding=\"async\" src=\"https:\/\/www.gokayaygun.net\/images\/aile\/mhmtayg04.jpg\" alt=\"Foto\u011fraflar\u0131n siyah beyaz oldu\u011fu g\u00fcnlerde Mehmet Ayg\u00fcn ve karde\u015fi merhum S\u00fcleyman (Garip) Ayg\u00fcn.\"\/><figcaption class=\"wp-element-caption\"><strong><em>Foto\u011fraflar\u0131n siyah beyaz oldu\u011fu g\u00fcnlerde Mehmet Ayg\u00fcn ve karde\u015fi merhum S\u00fcleyman (Garip) Ayg\u00fcn.<\/em><\/strong><\/figcaption><\/figure>\n<\/div>\n\n\n<div class=\"wp-block-columns is-layout-flex wp-container-core-columns-is-layout-9d6595d7 wp-block-columns-is-layout-flex\">\n<div class=\"wp-block-column is-layout-flow wp-block-column-is-layout-flow\"><\/div>\n<\/div>\n\n\n<div class=\"wp-block-image\">\n<figure class=\"aligncenter size-large\"><img decoding=\"async\" src=\"https:\/\/www.gokayaygun.com\/images\/aile\/mhmtayg05.jpg\" alt=\"F\u0131nd\u0131k \u00f6ncesi Mehmet Ayg\u00fcn bah\u00e7e kontrol\u00fcnde.\"\/><figcaption class=\"wp-element-caption\"><strong><em>F\u0131nd\u0131k \u00f6ncesi Mehmet Ayg\u00fcn bah\u00e7e kontrol\u00fcnde.<\/em><\/strong><\/figcaption><\/figure>\n<\/div>\n\n\n<div class=\"wp-block-columns is-layout-flex wp-container-core-columns-is-layout-9d6595d7 wp-block-columns-is-layout-flex\">\n<div class=\"wp-block-column is-layout-flow wp-block-column-is-layout-flow\"><\/div>\n<\/div>\n\n\n<div class=\"wp-block-image\">\n<figure class=\"aligncenter size-large\"><img decoding=\"async\" src=\"https:\/\/www.gokayaygun.com\/images\/aile\/mhmtayg06.jpg\" alt=\"G\u00f6kay Ayg\u00fcn dedesi Mehmet Ayg\u00fcn\u2019\u00fc ziyareti.\"\/><figcaption class=\"wp-element-caption\"><strong><em>G\u00f6kay Ayg\u00fcn dedesi Mehmet Ayg\u00fcn\u2019\u00fc ziyareti.<\/em><\/strong><\/figcaption><\/figure>\n<\/div><\/div>\n\n\n\n<div class=\"wp-block-column is-layout-flow wp-block-column-is-layout-flow\" style=\"flex-basis:10%\"><\/div>\n<\/div>\n","protected":false},"excerpt":{"rendered":"<p>MEHMET AYG\u00dcN Dikka\u015fo\u011fullar\u0131 s\u00fclalesinden \u00d6mer (A\u011fabey) ve Durmu\u015fo\u011fullar\u0131 s\u00fclalesinden Hanim\u2019in (Hanife) o\u011flu olan Mehmet Ayg\u00fcn, 14 Mart 1912 Per\u015fembe g\u00fcn\u00fc Unaca K\u00f6y\u00fc\u2019nde do\u011fdu. K\u00fc\u00e7\u00fck ya\u015fta yetim kalan Mehmet Ayg\u00fcn\u2019e annesi hem annelik hem babal\u0131k etti. Birka\u00e7 kez evlenen Mehmet Ayg\u00fcn\u2019\u00fcn iki e\u015finden biri olan Yenicehisar K\u00f6y\u00fc\u2019nden Ay\u015fe (1904-1973) han\u0131mla evlili\u011finden Durmu\u015f ve Ali (A\u011fabey), teyzesinin<\/p>\n","protected":false},"author":1,"featured_media":0,"parent":0,"menu_order":0,"comment_status":"closed","ping_status":"closed","template":"page-fullwidth.php","meta":{"footnotes":""},"class_list":["post-44","page","type-page","status-publish","hentry"],"_links":{"self":[{"href":"https:\/\/www.gokayaygun.com\/index.php?rest_route=\/wp\/v2\/pages\/44","targetHints":{"allow":["GET"]}}],"collection":[{"href":"https:\/\/www.gokayaygun.com\/index.php?rest_route=\/wp\/v2\/pages"}],"about":[{"href":"https:\/\/www.gokayaygun.com\/index.php?rest_route=\/wp\/v2\/types\/page"}],"author":[{"embeddable":true,"href":"https:\/\/www.gokayaygun.com\/index.php?rest_route=\/wp\/v2\/users\/1"}],"replies":[{"embeddable":true,"href":"https:\/\/www.gokayaygun.com\/index.php?rest_route=%2Fwp%2Fv2%2Fcomments&post=44"}],"version-history":[{"count":1,"href":"https:\/\/www.gokayaygun.com\/index.php?rest_route=\/wp\/v2\/pages\/44\/revisions"}],"predecessor-version":[{"id":60,"href":"https:\/\/www.gokayaygun.com\/index.php?rest_route=\/wp\/v2\/pages\/44\/revisions\/60"}],"wp:attachment":[{"href":"https:\/\/www.gokayaygun.com\/index.php?rest_route=%2Fwp%2Fv2%2Fmedia&parent=44"}],"curies":[{"name":"wp","href":"https:\/\/api.w.org\/{rel}","templated":true}]}}